+ 18*t = 21*t - 6, -2*d + 12 = -4*t. What is the highest common divisor of d and 38?
2
Let g(r) = 75*r - 28*r + 154 + 2*r**2 - 124. Let o be g(-23). Calculate the greatest common factor of 35 and o.
7
Let k be (-2)/(-4) + (-24)/(-16). Suppose n = -k*r + 39, -5*r - 6*n + n + 105 = 0. Calculate the greatest common divisor of 2 and r.
2
Let m(o) = o**3 + 4*o**2 - 6*o. Let w be m(-5). Suppose -91 = -5*u - 5*q + 404, 0 = q + w. What is the highest common divisor of 13 and u?
13
Let b = -241 + 281. Calculate the highest common factor of b and 152.
8
Let v(i) = 2*i**3 + 10*i**2 - 7*i + 7. Let g be v(-5). Suppose -4*c + g = -54. What is the highest common divisor of c and 24?
24
Let w(j) = 6*j**2 + 3*j - 10. Let f be w(4). Let k be (5 - 1)*f/4. Suppose -3*y = 2*y - 70. What is the highest common factor of k and y?
14
Suppose -g - 3*q + 8*q + 102 = 0, 92 = g - 3*q. Calculate the greatest common divisor of g and 11.
11
Suppose 5*c - 66 = -2*q, -c - 5 = 3*q - 26. Suppose -14*z - 180 = -20*z. What is the greatest common factor of z and c?
6
Suppose 4*p - 260 = -2*n, p - 15 = 4*n + 41. Suppose 0 = -6*y + 4*y + 32. What is the greatest common divisor of p and y?
16
Let a be 0 - (-2 - (-4 - -5)). Suppose -3*u + 13 = 5*o - 8, -3*u + a*o = -45. Calculate the greatest common factor of u and 48.
12
Let q(r) = r**3 + 4*r**2 + 2*r**2 + r**2 - 5 - r + 0*r. Let p be q(-7). Let c be 235/15 + p/6. What is the highest common factor of c and 32?
16
Let b be -2*(5/(-10) + -1). Suppose -b*f - 5*f = -352. Calculate the highest common factor of f and 110.
22
Let i be 9/(-15) - 84/(-15). Suppose i*t = 8 + 27. Suppose 2*g + 2*m = 20, 0 = 2*g + 3*m - 25 + t. What is the greatest common factor of g and 36?
12
Suppose 4*n = 2*l - n + 20, 4*l - 2*n = -8. Suppose -3*v + p - 3*p + 36 = 0, -2*p = 0. Let y = v - l. Calculate the greatest common divisor of 3 and y.
3
Let z(t) = -2*t**2 - 5*t + 27. Let q be z(6). Let x = q - -88. What is the greatest common divisor of x and 13?
13
Let s(j) = j + 2. Let c be s(2). Suppose a = -2*o + 7, -7*o - 3*a = -c*o - 12. What is the greatest common factor of o and 1?
1
Let y = 13 - 6. Suppose u + y = 32. Let r = 221 - 96. What is the greatest common factor of r and u?
25
Let j(c) = 5 - c - 3*c + 4*c - c. Let h be j(2). Suppose -2*b = h*b - 60. What is the greatest common divisor of 4 and b?
4
Let n(x) = x - 20. Let c be n(8). Let b be (c/(-21))/(1/7). Calculate the highest common divisor of b and 40.
4
Suppose 0 = -3*a - 221 - 10. Let f be ((-6)/(-2))/((-21)/a). Calculate the highest common divisor of 55 and f.
11
Let s = -564 + 879. Calculate the highest common factor of s and 9.
9
Let q be (0 - 3)*4*-2. Suppose -287 + 191 = -32*l. Calculate the highest common factor of q and l.
3
Let y = -28 + 29. Let k = 66 - 34. Suppose 0 = 3*j - 7*j + k. Calculate the highest common factor of y and j.
1
Suppose 9*i - 12*i + 297 = 0. What is the greatest common divisor of 22 and i?
11
Let o(g) = g + 0*g - 27 + 53 - 9. Let l be o(-16). Let p be (-34 - -5)/(l*-1). What is the greatest common factor of p and 261?
29
Let g = 296 + -256. What is the greatest common divisor of g and 32?
8
Suppose -4*o - 4*w - 208 = 0, -3*w - 102 = 2*o - 2*w. Let f = o - -104. Calculate the greatest common factor of 6 and f.
6
Suppose 3*o + m + m = 0, 7 = -o - 3*m. Suppose 0 = 2*x + 4*i + 14, -6*x + 5 = -x + 2*i. Suppose 0 = 5*j - 13 + x. What is the highest common factor of j and o?
2
Let i(t) = -4*t**3 - t**2. Let y be i(-1). Suppose -y*b + 56 = -124. Suppose -m - m = -b. What is the greatest common divisor of 6 and m?
6
Let w = -65 + 65. Let m(n) = -n**2 + n + 26. Let c be m(w). What is the highest common factor of c and 104?
26
Let z be (-4)/((-4)/9*1/2). What is the highest common divisor of z and 423?
9
Let a = 64 + 38. Let y(k) = k**3 + 38*k**2 + 76*k + 1494. Let d be y(-37). Calculate the greatest common factor of d and a.
51
Suppose -5*m + i + 832 = -i, -4*m + 662 = 2*i. Suppose -6*q = -4*q + 4, -2*o - q + m = 0. Calculate the highest common factor of o and 12.
12
Let t(v) = 2*v**3 + 45*v**2 + 9*v - 30. Let g be t(-22). What is the greatest common divisor of g and 64?
64
Let w be (3/(-9))/(2/(-12)). Suppose 4*t + 3*t = 98. What is the greatest common factor of t and w?
2
Let u be (110/(-3))/(1 - 35/21). What is the highest common divisor of 22 and u?
11
Let v be ((-296)/(-64) - 5) + (-1923)/(-8). What is the highest common factor of 192 and v?
48
Suppose 33*z - 2862 = -57. Calculate the highest common factor of z and 34.
17
Suppose 0*b - 72 = -4*b. Let j be 66/3 - 6*(-8)/(-12). What is the highest common factor of j and b?
18
Let v = 61 + -38. What is the highest common divisor of v and 23?
23
Let r = -655 - -666. What is the highest common divisor of r and 143?
11
Suppose 3*j + j + 2*h = 8, j - 2*h - 12 = 0. Suppose r + 12 = j*r. What is the greatest common divisor of r and 28?
4
Suppose -3801 = -8*t + 2343. Calculate the greatest common factor of 12 and t.
12
Let a be (-21)/(3/(1*-3)). Let o(c) = 5*c + 4. Let l be o(-5). Let w = -18 - l. Calculate the greatest common divisor of a and w.
3
Let c = -175 + 494. Suppose -c = -5*q - 0*q - m, 0 = -5*q - 4*m + 316. What is the greatest common factor of 16 and q?
16
Let m = -140 - -143. What is the highest common divisor of 69 and m?
3
Let p(q) = -q**2 - 5. Let y be p(6). Let v = y - -71. Suppose 4*w - 3 = 37. What is the greatest common divisor of w and v?
10
Suppose 117 = p + 5*r, -2*p + r = 2*p - 531. What is the greatest common factor of 44 and p?
44
Suppose -270 = 514*i - 523*i. What is the highest common factor of i and 730?
10
Let k be (39/(-15))/((-2)/(-5))*10. Let r = -13 - k. What is the highest common divisor of r and 26?
26
Let i(k) = -3 - 5*k + 12*k - k**2 - 3 - 1. Let y be i(6). Let l be 45 - 4/(3 - y). What is the greatest common factor of 4 and l?
4
Suppose 2*d = -0 + 2. Let w be 3/((-76)/(-72) - d). Suppose 3*y + 0*y = w. Calculate the highest common divisor of y and 12.
6
Let w = 140 - 110. What is the highest common divisor of w and 105?
15
Let s be (2/(-4))/((-7)/56). Suppose -j - 5 = 0, 4*o - 2*j + 38 = 7*o. Calculate the highest common divisor of s and o.
4
Let k(x) = -x + 44. Let t be k(29). Suppose 19*b = t*b + 76. Calculate the greatest common factor of b and 152.
19
Let q(k) = 140*k - 830. Let p be q(6). What is the highest common divisor of p and 52?
2
Suppose 0 = 3*d + 19 + 2. Let g be (2 + d)*(-9)/15. Let f be -3 + g + 12 + 0. Calculate the greatest common factor of f and 12.
12
Let f(i) = 5*i**2 + 4*i. Let l be f(-5). Let h(w) = 6*w - 27. Let v be h(7). What is the highest common divisor of l and v?
15
Let o(m) be the second derivative of m**4/12 + 5*m**3/6 + 5*m**2/2 + 9*m. Let l be o(-1). What is the greatest common divisor of 9 and l?
1
Let m = 1311 + -1304. What is the greatest common factor of m and 28?
7
Let f(t) = -8*t**3 + 88*t**2 - 12*t - 15. Let n be f(9). What is the highest common divisor of 51 and n?
51
Let w(l) = 15*l**2 - 1 - 1 - 4*l**2 - l + 2*l. Let i be w(3). Let o(c) = -6*c - 2. Let r be o(-7). What is the highest common divisor of r and i?
20
Let g be ((-828)/(-46))/(4/6). Calculate the highest common factor of 891 and g.
27
Suppose 5*p + 2*w - 32 = 0, -3*p - 5*w + 7*w = -32. Calculate the greatest common factor of 256 and p.
8
Let l(a) = 4*a - 19. Let c be l(5). Suppose 2*w - g + 0 - c = 0, -4*g = -20. What is the highest common factor of w and 2?
1
Let v(n) = -6*n + 29. Let f be v(4). What is the highest common divisor of f and 5?
5
Let a be ((-150)/70 - -3)/((-3)/(-84)). Calculate the greatest common divisor of 78 and a.
6
Suppose -3*i = 2*h + 184, 5*i = -3*h - h - 364. Let g = -80 - h. What is the greatest common divisor of 15 and g?
3
Let l be -26*(-46)/10 - (-6)/(-10). Suppose -l = -2*u + 97. What is the greatest common divisor of 27 and u?
27
Let z = 1021 + -1015. Calculate the highest common divisor of z and 40.
2
Suppose d = -2*c + 166, 5*d - 3*c - 835 = -8*c. What is the greatest common factor of 112 and d?
56
Let w be 162/4 - 37/74. What is the highest common factor of 88 and w?
8
Let k be (-23 + 23)/(2 - (0 + 0)). Suppose k = 5*j - 22 - 128. What is the greatest common factor of 20 and j?
10
Let y be (19/(-7) - -3)*7. Suppose -3*c + 49 = m, 5*c = -y*m - 2*m + 210. C